ose 3*j + 2*q - 1768 = v, -2*q + 3*q - 1769 = -3*j. List the prime factors of j.
2, 5, 59
Let b(c) = 34*c + 290. List the prime factors of b(38).
2, 7, 113
Suppose 99*v + 14432 = 107*v. Suppose 0 = 6*i - v - 1700. What are the prime factors of i?
2, 73
Let o = -88 - -97. Suppose 1 = 4*n + o, 2*n + 7454 = 5*h. Suppose h = 4*u + 6*u. List the prime factors of u.
149
Suppose 0 = 11*n - n - 40. Let x = -87 + 91. Suppose x = n*z, -3*z - 365 = -5*i + 282. What are the prime factors of i?
2, 5, 13
Let f(u) = -u**2 + 8*u + 11. Let j be f(9). Let m(s) = 43*s**3 + 3*s**2 - 3*s - 2. What are the prime factors of m(j)?
2, 3, 29
Let f = -192 + -91. Let m = 38 - 532. Let r = f - m. List the prime factors of r.
211
Let z(i) = -i**3 - 3*i**2 - 3*i - 2. Let y = -4 - -2. Let k be z(y). Suppose -244 = -4*d - 4*n, -4*n + 130 = 2*d - k*n. List the prime factors of d.
3, 19
Let i(z) = -2*z**2 + z + 1. Let q(d) = -3*d**2 + d + 1. Let w(b) = 6*i(b) - 5*q(b). Let n be w(2). List the prime factors of (-4 - (n - 3))*-8.
2
Let l be 58 - (-4)/2*(-3)/(-6). Suppose -l*a = -56*a + 6. List the prime factors of (-3)/a*(-1792)/(-21).
2
Let h(q) = q**2. Let t be h(1). Let i be (55 + -3)/t + 3. List the prime factors of (-3)/(-6)*i*2.
5, 11
Let q(a) be the second derivative of -21*a**3/2 - 17*a**2/2 + 63*a. List the prime factors of q(-7).
2, 53
Suppose 5*x - 2442 = -3*b - 872, 4*x = -3*b + 1571. Let y = b - 184. List the prime factors of y.
11, 31
Let y(q) = 3*q**2 - 3*q + 24. Let t be y(-6). Let a be -1 + 1 - (44 - 1). Let n = t + a. List the prime factors of n.
107
Let y(s) = 753*s**2 - 51*s + 253. What are the prime factors of y(5)?
7, 2689
Let u be ((-2)/(-6))/((-5)/(-91065)). Let v be u/52 + (-1)/(-4). Suppose -s + v = 2*n - 0*s, 291 = 5*n + s. List the prime factors of n.
2, 29
Let g(x) = x**2 + 6*x - 35. Let b be g(-11). Suppose -536 = -b*u + 16*u. What are the prime factors of u?
2, 67
Suppose 0 = -77647*x + 77634*x + 69875. What are the prime factors of x?
5, 43
Let g(u) = 2*u**3 - 32*u**2 + 96*u - 15. List the prime factors of g(17).
5, 439
Let b = 19282 - 13354. What are the prime factors of b?
2, 3, 13, 19
Let x(v) = -19*v**3 + 3*v**2 - 118*v + 63. What are the prime factors of x(-11)?
7, 17, 227
Suppose -13*j + 555 = -12*j. What are the prime factors of j/((-5)/(-1)) + 3/3?
2, 7
Suppose 13*t - 129977 - 750656 = 0. List the prime factors of t.
67741
Suppose 4*j + 32564 = 6*a - 4*a, 5*a = -3*j + 81397. What are the prime factors of a?
2, 5, 11, 37
Let k = -42629 - -59737. Suppose -10*p = 18*p - k. List the prime factors of p.
13, 47
Let b be ((-41)/164)/(2/56). List the prime factors of 129 - (35/b - -5).
3, 43
Suppose -4*i + m = -187, 2*m - m + 3 = 0. Let t = i + -34. What are the prime factors of (-9)/t + (-1141)/(-28)?
2, 5
Suppose 32 = 10*b + 2. What are the prime factors of ((-281)/b)/(22/(-132))?
2, 281
Suppose -131*h = -78*h - 955696. List the prime factors of h.
2, 7, 23
Suppose 3*n + 3*s - 27319 = 4322, 0 = -5*n + 5*s + 52695. What are the prime factors of n?
13, 811
Suppose f - 5*f = -16. Suppose -2*v - 3*v = -3*r - 976, -780 = -f*v + 2*r. Let i = v - 48. List the prime factors of i.
2, 73
Suppose -u = 2*b - 5, -6*u + 20 = b - 2*u. Suppose b = -x - 9*x + 1370. Suppose -4*t - 207 = -5*v, -2*v - v - 4*t = -x. List the prime factors of v.
43
Let m(r) = 65*r**2 + 24*r - 636. What are the prime factors of m(16)?
2, 17, 241
Let z be (0 - -1)*5 - 1. Let j be (-645)/(-4 - 1) + z. Let t = j - 44. What are the prime factors of t?
89
Suppose -5*p - 3*j = -11241, -5*p + 9*j + 11244 = 11*j. Let q = p - 1263. What are the prime factors of q?
3, 7, 47
Let u(h) = -2*h + 10. Suppose -3*n - d = -32, -4*n - d + 29 + 14 = 0. Suppose 3*t - n*t - 48 = 0. List the prime factors of u(t).
2, 11
Let x(i) = -401*i**2 - 5. Let d(w) = -201*w**2 - 3. Let a(m) = 7*d(m) - 4*x(m). Let j be a(-1). Let l = 21 + j. What are the prime factors of l?
7, 31
Suppose -15*a + 27*a = 48. Suppose a*u - k = 160, -5*k + 19 + 21 = u. List the prime factors of u.
2, 5
Let y(i) = -1933*i - 507. What are the prime factors of y(-3)?
2, 3, 7
Let z be (3/4)/((-27)/(-72)). Suppose z*a - 1465 = -4*y + 2201, 1837 = 2*y + 5*a. What are the prime factors of y?
2, 229
List the prime factors of ((-199)/7 - -13)/(1/((-6867)/6)).
2, 3, 109
Suppose -5*d = 2*w, -3*d - 2*d - 4*w = 0. Suppose -6 = -u - 2*l - d*l, 4*u + 4*l = 20. What are the prime factors of (3084/24)/(2/u)?
257
Let b = 123 - 257. Let y = 242 + b. List the prime factors of y.
2, 3
Let g(p) = 77*p + 98. Let t(l) = l - 2. Let s(r) = -g(r) + 5*t(r). List the prime factors of s(-8).
2, 3, 13
Suppose 2*d + 3 = -12*h + 15*h, 4*h + 2*d - 32 = 0. Let w = -4 - -3. What are the prime factors of (-3 - -3) + w - -6*h?
29
Let z be (-10)/(-10)*(406 - -4). Let j = 147 + z. List the prime factors of j.
557
Let n = -38538 + 72750. List the prime factors of n.
2, 3, 2851
Suppose v = 107 - 6. Let s = -19 + 13. What are the prime factors of v*(2/(-3))/(4/s)?
101
Let i = 112371 + -71498. What are the prime factors of i?
7, 5839
Suppose 3*x + 2*z = 47731, x = 59*z - 64*z + 15893. What are the prime factors of x?
15913
Suppose 3 = -7*i + 38. List the prime factors of (-2 + (-35)/i)/(1/(-93)).
3, 31
Suppose 2*n = 21*n - 475. Suppose d - 3588 = -n*d. What are the prime factors of d?
2, 3, 23
Let x = -12197 + 23132. What are the prime factors of x?
3, 5
Suppose 156 = 23*m - 25*m. What are the prime factors of -17*((-39)/m - 55/2)?
3, 17
Suppose 17*r - 17*r = 35*r - 551390. What are the prime factors of r?
2, 7877
Let i = 69 - 76. Let w(h) = 5*h + 29. Let d be w(i). List the prime factors of (-14)/(-21) + ((-1130)/d - -2).
191
Let a(i) = -i**3 - 5*i**2 + 6*i + 4. Let q be a(-6). Let g be 33/77 - (2 - 970/7). Suppose -l + g + 109 = q*w, -3*w + 177 = -3*l. List the prime factors of w.
61
Let u be -10 + (12 - 3) - -405. Suppose 3*z = -9, -3*o = -4*o - 5*z - 10. Suppose -o*i + 356 + u = 0. List the prime factors of i.
2, 19
Let k = 318 + -283. What are the prime factors of (-6)/21 - (2 - 37565/k)?
3, 7, 17
Suppose 384 - 114 = 2*c. Let y = 234 + -231. Suppose 0 = y*j + 15, j + c = -0*u + 2*u. List the prime factors of u.
5, 13
Let n = 395 + -412. Let z(s) = s**3 + 18*s**2 + 2*s + 12. List the prime factors of z(n).
3, 89
Suppose -2*d = -t - 7*d - 10, 5*t + 4*d - 13 = 0. Suppose 33 = t*c - 647. List the prime factors of c.
2, 17
Suppose -89*z + 85*z = -2500. Let d = z + -243. List the prime factors of d.
2, 191
Let z = -646 - -649. Let s(w) = 15*w**3 + 4*w**2 + 6*w - 18. List the prime factors of s(z).
3, 7
Suppose 25*m = 116041 + 138384. What are the prime factors of m?
10177
Suppose 0 = -5*s, -2*s - 4 = 3*m - 10. Suppose -m*q - 11 + 15 = 0. What are the prime factors of q?
2
Suppose -3*h + 26513 = -2*r, 4*r - 3*r + 44186 = 5*h. What are the prime factors of h?
8837
Let q be 2*33/(-2)*(-1)/(-1). Let b be (q/2)/((7/(-6))/7). Let a = -59 + b. List the prime factors of a.
2, 5
Suppose -77 + 17 = -30*c. Suppose -c*v = 188 - 1828. What are the prime factors of v?
2, 5, 41
Let l = -77 + 86. Let j be 4/2*13/26. Suppose -l = -2*k + k - 5*i, -j = i. What are the prime factors of k?
2, 7
Let h = -108 + 129. List the prime factors of 2/(-14) - ((-465)/h - 4).
2, 13
Let j = 25920 + -10792. List the prime factors of j.
2, 31, 61
Suppose 6 = j - 2*o - 8, 3*j - 36 = 3*o. What are the prime factors of ((-385)/j)/(((-21)/(-12))/(-7))?
2, 7, 11
Suppose 0 = -2*c - 2*c + 4. Let o be (3 + c - 16) + 1 + -2. Let i(r) = -r - 9. List the prime factors of i(o).
2
What are the prime factors of -2*2439/18*-13?
13, 271
Let u(g) = -g - 9. Let p = -33 + 27. Let y be u(p). List the prime factors of (-235)/(-3) - (-1)/y.
2, 3, 13
Suppose -29*x + 12321 = -24*x + 2*o, 3*x + 5*o = 7404. Let c = x + -1625. List the prime factors of c.
2, 419
Let g be 28918 - ((-3)/(-9))/((-3)/(-18)). Suppose 23*x - 248 = g. What are the prime factors of x?
2, 317
Let j be -4*(-9)/(-6) - -7. List the prime factors of 518/2 - (2 - j).
2, 3, 43
Suppose -3*q + 4*n = -q - 1246, -4*q = 4*n - 2432. Suppose -5*m + 2933 = q. What are the prime factors of m?
2, 29
Let m = 124 + 145. Let z = m - 246. What are the prime factors of z?
23
Suppose 3*k + h = 1049 + 239, -5*h + 406 = k. List the prime factors of k.
431
Let g = 49 - 46. Suppose 6*u - 5*u